a - 342. Determine w(f).
6
Let j(o) = o**2 - 17*o + 35. Let x(z) = -z**2 + 19*z - 37. Let s(m) = 11*j(m) + 10*x(m). What is s(0)?
15
Suppose -3 = 6*f + 291. Let w = f - -42. Let j(r) = -r**3 + r. Let q(u) = -8*u**2 - 9*u - 6. Let a(k) = -j(k) - q(k). Give a(w).
-1
Let l(u) = -u**2 + 9*u - 4. Let p be l(7). Let x be (-1)/((35/p)/(-7)). Let q(c) = 12*c - x*c - 7*c - 4*c. Calculate q(8).
-8
Suppose -1067 = -2*b - 355. Let k be (1 + 5/(-2))*b/6. Let m = k + 91. Let c(o) = o**3 - o**2 - 3*o + 3. Calculate c(m).
1
Let m = 112 + -109. Suppose 4*y = -m*z + 275, 0*y = -3*y - 3*z + 210. Let c(f) = -3*f**2 - 28*f + 2 + f**3 - 38*f + y*f. Determine c(2).
-4
Let i be 36 + -2 + (-77)/(-42) + 210/(-36). Let w(r) = -r + 33. Give w(i).
3
Let m(h) = 3*h**2 + 2*h + 22. Let r(a) = a**2 + a + 10. Let f(n) = -4*m(n) + 9*r(n). Let i = -194 + 192. Give f(i).
-12
Suppose 68*z + 96 + 5 = -103. Let l(y) = -y**3 + y**2 - y - 7. Calculate l(z).
32
Let q = -381 + 387. Suppose -5*v - q*v - 55 = 0. Let y(i) be the first derivative of i**3/3 + 2*i**2 + i + 1. Give y(v).
6
Let h(w) = w**3 + 2*w**2 + w - 2. Let n = -9 - -14. Let y = -137 + n. Let f = y + 130. Give h(f).
-4
Let h(t) = -t. Let y be (4 + -2)/(1/(-3 + 1 + 3)). Calculate h(y).
-2
Let d(m) be the third derivative of -m**5/20 + m**4/12 - 259*m**3/6 + 102*m**2 - 2*m. Let z(r) be the first derivative of d(r). What is z(2)?
-10
Let y(j) be the third derivative of -j**4/8 - 11*j**3/2 + 1435*j**2. Give y(-15).
12
Suppose -502*j + 360 = -508*j. Let h be (-1428)/182 + 1 + j/52. Let d(w) = 3*w + 14. Determine d(h).
-10
Let z(i) = 17*i**2 - 414*i**3 - 14*i**2 - 33 - 11*i + 415*i**3. Calculate z(-4).
-5
Let t(x) be the first derivative of 0*x**3 - 61 + 0*x - 1/2*x**2 - 3/4*x**4. Calculate t(-1).
4
Let a(u) be the third derivative of u**6/120 - u**5/60 - u**4/24 - 107*u**3/6 - 63*u**2 + 26*u. Calculate a(0).
-107
Let j(d) = 748*d + 6731. Let p be j(-9). Let v(x) = -12*x**2 + 8*x + 6. Calculate v(p).
-14
Let b(o) be the second derivative of -3*o**5/20 - o**4/6 + 5*o**3/2 - 13*o**2/2 + o + 701. What is b(1)?
-3
Let a(n) be the second derivative of 2*n**3 - n**2 - 1497*n + 2. Give a(-1).
-14
Let i(r) be the second derivative of -r**5/20 - r**4/12 + 5*r**3/6 + 3*r**2/2 - 2*r - 794. Give i(-3).
6
Suppose -537*z = k - 539*z - 24, -30 = -5*k - 5*z. Let r(a) = -a**3 + 12*a**2 + 2*a - 27. Calculate r(k).
-3
Let b(z) be the second derivative of -z**5/10 + z**4/12 - z**3/6 + z**2 - 5*z. Suppose -2 = -3*h + 4*u, -h + 1 - 3 = -4*u. Calculate b(h).
-12
Let t(h) = -10*h**3 + 43*h**2 + 10*h - 39. Let y(w) = 7*w**3 - 28*w**2 - 7*w + 26. Let o(x) = 5*t(x) + 7*y(x). What is o(19)?
6
Let y(w) = -7*w**2 - 24*w + 55. Let m(r) = -34*r**2 - 119*r + 270. Let h(c) = -6*m(c) + 29*y(c). Calculate h(-20).
15
Suppose y + 9 = -3*h + 1, 5*y - 4*h - 36 = 0. Suppose -3*j - w = 13, 30*j + y*w - 2 = 27*j. Let m(i) = -i - 10. Calculate m(j).
-4
Let a(m) = 4*m. Let p(u) = -3*u**2 - 29*u + 49. Let f(j) = 11*a(j) - p(j). Determine f(-25).
1
Let r(h) = 3*h**3 + 7*h**2 + 18*h - 3. Let l(f) = -8*f**3 - 13*f**2 - 53*f + 6. Let d(g) = 2*l(g) + 5*r(g). Give d(8).
-67
Let i(d) = -d**2 - 4*d + 4. Let q = -36 + 39. Suppose -q*y + 7 = -4*y. What is i(y)?
-17
Let u(p) = 6*p + 1. Let z be (-3)/((594/55)/(-18)). Give u(z).
31
Let q = -19480 - -19471. Let a(c) = 4*c + 48. Give a(q).
12
Let s(f) = 5*f - 4. Let i = -7182 - -7189. Calculate s(i).
31
Let l(p) = p**2 + 23*p + 37. Let b = 1911 + -1933. Determine l(b).
15
Let i(c) be the first derivative of 9/2*c**2 + 7*c - 23. Let x(j) = -4*j - 4. Let p(v) = -3*i(v) - 5*x(v). What is p(1)?
-8
Suppose -2*v = -0*u - u - 53, u = -3*v - 58. Let m be (-5)/(-2)*22/u. Let q(i) = 4*i. Calculate q(m).
-4
Let c = 4659 - 4662. Let t(f) = -f**3 - 5*f**2 - 5*f + 7. What is t(c)?
4
Let g(h) = -h**2 + 12*h - 12. Suppose -23 - 7 = -5*x, 3*w - 2*x - 18 = 0. Give g(w).
8
Let a(t) = t**2 - 9*t + 3. Let p = -207 + 217. Suppose -4*g = -p*g + 36. What is a(g)?
-15
Let u(j) = j**3 + 12*j**2 - j + 3. Let p = -360 - -255. Let d be (-1 - 0)*-3 + p/7. Give u(d).
15
Suppose -h = -0 - 5. Let v(p) = 5*p**2 + 191*p - 57. Let g(o) = o**2 + 34*o - 11. Let u(f) = 11*g(f) - 2*v(f). What is u(h)?
-22
Let m(b) be the first derivative of -b**3/3 + b**2 + b - 3. Let p be (-40)/(-60) + (-34)/6. Let y be 5*20/25 + p. Determine m(y).
-2
Suppose -3*u + 53 = 41. Let h be 1/(-12)*3 + (-39)/(-12). Let p(x) = h*x**2 + 6 + 4 - 4*x**2 - 5. What is p(u)?
-11
Let j(i) = -i**2 + 8*i - 12. Let f(m) = m**2 - 10*m + 14. Let d(u) = -6*f(u) - 5*j(u). Calculate d(16).
40
Let z(n) = -55*n**2 - 22*n - 32. Let c(k) = -39*k**2 - 15*k - 22. Let a(o) = -10*c(o) + 7*z(o). Determine a(-3).
53
Let b(t) = -t + 24. Let z = -45 - -67. Let y be b(z). Suppose 2*v - 8 = 5*p - 3, -4*v + 2 = -y*p. Let q(w) = -w - 10. Calculate q(v).
-10
Suppose 0 = 13*q - q - 12. Suppose -32 = -3*j + 4*b, 3*b + b = -20. Let w(k) = -j*k**2 + k - 5 + 1 + 5 - 2. Determine w(q).
-4
Let o(v) = -8*v**3 - 2*v**2 - 3*v - 2. Let t(y) = -522*y**2 + 1. Let p be t(1). Let r = p + 520. What is o(r)?
7
Suppose 8*a = -366 + 711 - 369. Let l(s) be the third derivative of s**5/12 + s**4/12 + s**3/2 - s**2. What is l(a)?
42
Let r(v) = -v**3 - 17*v**2 - 26*v + 57. Let h = 5322 - 5337. What is r(h)?
-3
Let u(h) = h**3 - 6*h**2 - h + 5. Let f(j) = 5*j - 21. Let z(r) = -r + 1. Let w = 70 + -71. Let l(o) = w*f(o) - 4*z(o). Let y be l(11). Give u(y).
-1
Let b(k) = 0*k - 5*k + 5*k - 9*k - 4 + 10*k. Let h = 4 + -11. Let u = h + 10. Determine b(u).
-1
Let s(r) = -r - 20. Suppose -473 - 209 = -22*w. Let p(l) = -l**3 + 33*l**2 - 60*l - 74. Let t be p(w). What is s(t)?
-8
Let h = 3003 + -3012. Let y(f) = -f**3 - 6*f**2 + 28*f + 19. Determine y(h).
10
Let m(c) = 7*c**3 - 17*c**2 - 28*c + 22. Let k(u) = 9*u**3 - 18*u**2 - 30*u + 21. Let h(a) = -4*k(a) + 5*m(a). Calculate h(-11).
4
Let m(g) = -7*g**3 + 2*g + 1. Let r be 43/215 + (5 - 4) + (-8)/(-10). Calculate m(r).
-51
Let l(k) = -10*k**2 - 10*k + 20 - 3*k - k**3 + 13 + 32*k + 10. What is l(-11)?
-45
Let y(k) = -9*k**3 + k**2 - 2*k + 1. Suppose t - 12*j + 14*j + 224 = 0, 3*j + 3 = 0. Let v be 8/(-52) - t/(-78) - -4. Calculate y(v).
-9
Let l(t) = -t**3 + 7*t**2 + 4. Let m be (9 - 6)*-2*(-3)/9. Suppose -8*q + 3*q + m*b = -95, 4*q - 69 = 3*b. Suppose 20*u - 17*u = q. Give l(u).
4
Let t(d) = -d**2 + 16*d - 46. Let b be t(5). Let y(h) be the first derivative of -h**4/4 + 3*h**3 - h**2/2 + 5*h + 56. Determine y(b).
-4
Let h(l) = -4*l**3 - 34*l**2 - 18*l - 1. Let n(u) = -u**3 - 8*u**2 - 4*u - 1. Let b(i) = 2*h(i) - 9*n(i). Let s = -37 - -32. What is b(s)?
-18
Let y(z) = -z**2 - 10*z + 1. Let x = 129 - 129. Suppose p + 4*q - 2 = x, -q + 5*q - 12 = 0. Calculate y(p).
1
Let l = 97 + -25. Let d(k) = 25 - l + 26 + 22 + 11*k. Calculate d(1).
12
Let p(c) = 56*c - 7*c + 31 + 63. Let d be p(-2). Let s(r) = -7*r + 1. Let a(o) = -1. Let g(w) = -5*a(w) - s(w). Give g(d).
-24
Let p(k) be the third derivative of -k**5/30 + 13*k**4/12 - 13*k**3/3 + 1811*k**2. Calculate p(12).
-2
Let z(b) = 3*b - 134. Let j be z(-8). Let r = 155 + j. Let m(q) = q**3 - q**2 - 4*q - 3. Calculate m(r).
-27
Let w(i) = -i**3 + 3*i**2 + 3*i + 27. Let o(v) = -v**2 + 192*v - 9210. Let t be o(97). Determine w(t).
-8
Let i(t) = 15*t**2 - t**3 - 4*t**2 - 31*t - 21 + 18*t + 0*t**3 + 17*t. What is i(11)?
23
Let s(m) = m**2 + 31*m + 130. Let a be s(-26). Suppose -2*u - 1 - 15 = a. Let c(y) = y - 11. What is c(u)?
-19
Let v be 0 + 7 - (1 + 4). Let l(j) = -4*j**2 - 14705 + 14706 - 2*j + 5*j**v. Give l(-3).
16
Let q(n) be the third derivative of 3*n**5/20 - n**4/24 + n**3/3 + 35*n**2 + 17*n. Determine q(-2).
40
Let l(h) = -110*h + 3 + 16 - 105*h - 1 + 212*h. Determine l(22).
-48
Suppose -2*w - 2*p + p + 7 = 0, 4*w - 3*p + 11 = 0. Let l(k) = -13*k + w - 10*k + 32*k - 8*k. What is l(-2)?
-1
Suppose 5*b = 8*b - 4*x - 118, -4*b = 2*x - 150. Let q(y) = 28*y - 67*y + b*y. Suppose 9*v = 4*v - 10. Determine q(v).
2
Suppose -m + 5 - 38 = -5*a, -5*m = -4*a + 39. Let z(n) = a*n + 1 + 0*n - 7*n - n**2 + 2*n. Give z(-3).
-11
Let i(h) be the third derivative of -h**4/3 + h**3/3 - 6*h**2. Suppose s + 2*n = -74, 5*n + 65 - 174 = s. Let a = 87 + s. Calculate i(a).
-22
Let v be -3 + 9 + 1 + -2 - -1. Let x(t) = -v - 98*t - 90*t + 187*t. Suppose -n - 6 = c, 4*c - 1 = 3*n + 3. Wha